 2. Let w be h(2). Suppose -c + 4*i + 6 = w, -3*i - 1 = c - 0. What is the units digit of c?
2
Let o(t) = t**3 - 7*t**2 + 6*t - 1. Let c be o(6). Let g(v) = -5*v**3 + 2*v**2 - 1. What is the units digit of g(c)?
6
Let w(y) be the first derivative of -y**3/3 + 5*y**2 - 5*y - 3. What is the units digit of w(9)?
4
Let g(z) = -13*z + 11. What is the hundreds digit of g(-8)?
1
Let d be (0 - -1) + 1 + -8. Let k(b) be the second derivative of -b**3/2 - b**2 + 5*b. What is the units digit of k(d)?
6
Let h(g) = -22*g - 1. Let v = -12 + 11. What is the units digit of h(v)?
1
Suppose y = -2*y - 5*g + 115, y - 5*g - 5 = 0. What is the units digit of y?
0
Suppose -8 = -j - 3*j. Suppose 10 = 4*d - j*d. What is the units digit of d?
5
Let l = 9 - -38. What is the units digit of l?
7
Let a(h) = -h - 5. Let k be a(-5). Suppose k = 4*b + 1 - 13. Suppose -b*x + 80 = 5*j, -8 = -4*j + 8. What is the tens digit of x?
2
Suppose -4*l = 6 + 18. Let o be 2*(27/l - -1). Let u = o - -11. What is the units digit of u?
4
Let c(i) = -2*i - 2. Let f be c(-2). Suppose 2*l + 5*u = 3 + f, 20 = 4*u. What is the units digit of 3/l*4*-5?
6
Let g(k) = -k**3 - k**2 + k. Suppose 2*w = 2, -2*d - 2*d = -3*w + 11. What is the units digit of g(d)?
2
Let a(h) = -2*h**2 + 4*h + 4. Let k be a(4). Let z = k + 18. What is the units digit of z?
6
Suppose -5*v + 3*j + 503 = 0, 3*v + 4*j - 196 = v. What is the units digit of v?
0
Suppose -s = 2*s + 5*w - 37, s = w + 7. What is the units digit of s?
9
What is the units digit of 48/(-9)*9/(-2)?
4
Let t = 111 - 31. What is the units digit of t?
0
Let y(g) = -g**2 + g - 1. Let z(l) = 3*l**2 - 2*l + 2. Let v(t) = 2*y(t) + z(t). What is the units digit of v(1)?
1
Suppose o - 4*v - 21 = -3, -5*v - 29 = 2*o. Let z be (8/(-20))/(o/10). Let d = 5 - z. What is the units digit of d?
3
What is the units digit of 5*-3*(-15)/9?
5
Let o = -9 - -5. What is the tens digit of (-2 - o*2)*4?
2
Let v = -211 + 444. What is the hundreds digit of v?
2
Let m = 96 + 67. What is the tens digit of m?
6
Let u(f) = -6*f**3 - f**2 - f - 1. Let m(b) = -b + 2. Let d be m(3). What is the units digit of u(d)?
5
Suppose -h - 94 = 3*l - 0*l, 0 = 3*l - 5*h + 88. Let w = l + 52. What is the units digit of w?
1
What is the tens digit of (0 - 18/(-4))/((-6)/(-136))?
0
Suppose 0 = 3*j - 2*s - 1, j + 3*s + 3 = 18. Suppose -36 = k - j*k. What is the tens digit of k?
1
Let b = 2 - 6. Let j(a) = -a - 2. Let r be j(b). Suppose 0 = -7*p + r*p + 50. What is the tens digit of p?
1
Let w = -262 + 440. What is the tens digit of w?
7
Let c(y) = -y**3 - 7*y**2 - y - 5. Let z be c(-7). Suppose -5*j + 54 = -z*j. What is the tens digit of j?
1
Suppose 3*v + 5*b = 27, -b - 8 - 37 = -5*v. Let i(c) = c**3 + 8*c**2 + 6*c - 3. Let o be i(-7). Suppose -o*t = 1 - v. What is the units digit of t?
2
Suppose 0 = -y + 5*y - 64. Suppose y = 17*m - 15*m. What is the units digit of m?
8
Let r = 603 + -340. What is the hundreds digit of r?
2
Let u = 1313 + -924. What is the hundreds digit of u?
3
Suppose -6*p + 4*p + 5*s - 57 = 0, 3*p = 4*s - 68. Let z = 37 + p. What is the units digit of z?
1
Let j = -27 + 178. What is the tens digit of j?
5
What is the units digit of 81 + 1/((-4)/(-24))?
7
Let i = -189 + 289. What is the tens digit of i?
0
Suppose 47 = u - 4*g + 7, 80 = 4*u + 4*g. What is the units digit of u?
4
Suppose -10*z + 1192 - 42 = 0. What is the units digit of z?
5
Let j(m) = m + 2. Let t be j(2). Let n(x) = -x**2 + 5*x - 1. What is the units digit of n(t)?
3
Suppose 2*u = -5*u + 630. What is the units digit of u?
0
Suppose -3*s - 25 = -8*s, -3*n + 3*s = 9. Suppose 0 = -4*y - 5*v - 2, -3*v = -3*y - 15. What is the units digit of (-15)/(-9) + n/y?
1
Let g(p) = -p**2 - 4*p + 2. Let c be g(-6). Let l = c - -16. Suppose 0 = -3*a + l*a - 24. What is the units digit of a?
8
Suppose -t + 102 = -3*p, 3*t + 0*p - 294 = -3*p. What is the tens digit of t?
9
Suppose -4*j = 38 + 90. Let i = j - -70. What is the tens digit of i?
3
Let c = -8 + 6. Let w be (0/3)/(c + 3). What is the units digit of w - 8/(-1)*1?
8
Let l be (-8)/(-20) + 4/(-10). Let y = l + 5. What is the units digit of y?
5
Suppose -2*q = -5*z + 2, 4*q + 2 - 16 = z. Let g = 7 - z. Suppose 10*k = 5*k - g*f + 10, 3 = -f. What is the units digit of k?
5
What is the hundreds digit of ((-500)/8)/(5/(-10))?
1
Suppose 0 = 2*v - 23 + 1. Let y be 2/v + (-136)/22. Let n(g) = -g - 1. What is the units digit of n(y)?
5
Let t = -15 + 56. What is the tens digit of t?
4
Suppose -8*z = -7*z - 92. What is the tens digit of z?
9
Let l be 2/(-5) + (-861)/35. Let x be l*1*(2 + -3). What is the tens digit of (-4)/10 + 310/x?
1
Suppose x = -2*x. Suppose -t + 4*t - 5*p + 8 = 0, p - 1 = x. What is the units digit of (-3)/4*(t - 19)?
5
Suppose -21 = -3*g - 4*v, -g + v = 2*g - 6. Suppose 5*b = g*b - 8. What is the units digit of b + (1 - -1) - -11?
9
Let s(r) = r**2 - 8*r + 5. Let f be s(7). What is the tens digit of 4/(-1)*(f - 2)?
1
Let b be (-9)/(-6)*(-28)/(-3). Let p = 5 + b. What is the units digit of p?
9
Let n(g) = g + 11. Let f be n(-5). Suppose -v = -3*v + f. Let c(t) = t**2 + t - 4. What is the units digit of c(v)?
8
Suppose 0*h = -5*h + 5. Suppose 0 = -d + h, 2*j + d = 7*j - 9. What is the units digit of j?
2
Let r(h) = 4*h**2 + 2*h + 1. Let z be r(-1). Suppose z*i + 5 = 23. What is the tens digit of i/9*(-33)/(-2)?
1
Let y be (0 - 1)/(4/20). What is the units digit of -8*5/(y/2)?
6
Suppose -2*z + 86 = -5*m, -5*z + 119 + 113 = -4*m. What is the units digit of z?
8
Let p(f) = f**3 + 16*f**2 + 13*f - 19. Let j be p(-15). Let r = 34 - j. What is the tens digit of r?
2
Suppose -3 = 5*d + 3*z, 4*d + 3*z - 1 = 4*z. Let v = d + 10. What is the tens digit of v?
1
Suppose 4*q + l = 113, -q + 5*l + 26 = 3*l. Suppose q = -w + 71. What is the units digit of w?
3
Let l be (-24)/(-18) + 2/(-6). What is the tens digit of -15*(l - (-15)/(-9))?
1
Let l = -217 - -371. What is the tens digit of l?
5
What is the units digit of (-450)/(-4)*16/24?
5
Let a be (-3)/(-4) - 861/28. What is the tens digit of (-970)/a - (-1)/(-3)?
3
Suppose 9 = -4*q + 33. Suppose 3*f + 3*x + q = 0, 2*f - 5*x - 30 = -3*f. Suppose -m = 3*m - f*c - 18, 4*m + 17 = -5*c. What is the units digit of m?
2
Let v be 1/(1/5)*1. Suppose -g - s + 46 = -5*s, 0 = v*g + 5*s - 180. What is the tens digit of g?
3
Let c = -4 - -9. Suppose 0*n - 5*n + 20 = 0. Suppose m = c*m - n. What is the units digit of m?
1
Let n(f) = -3 + f**2 - 3*f - 2*f + 7. What is the units digit of n(6)?
0
Let g(y) = 4*y**2 - 8*y + 11. Let d(v) = -5*v**2 + 8*v - 12. Let t(m) = -3*d(m) - 4*g(m). What is the units digit of t(6)?
4
Suppose -9*r + 270 = -6*r. What is the tens digit of r?
9
Let h(j) = -j - 4. Let w be h(-6). Let v(p) = -w*p + 2*p - 10*p**3 + 1 - p**2. What is the units digit of v(-1)?
0
Suppose -7 = p + 3*m, -m + 0 = p - 1. What is the units digit of p?
5
Suppose -x - 4*f - 3 = -f, -2*f + 8 = 4*x. What is the units digit of x?
3
Let t = -4 + 3. What is the units digit of (-18)/((-2 - t) + -1)?
9
Let i be (6/(-4))/(4/(-8)). Suppose -2*v = -h + i*v + 65, -5*h + 2*v = -233. What is the tens digit of h?
4
Suppose 11 = 5*x - 49. Suppose -14 = 4*i + 3*g, -3*i - 6 = 4*g + 1. Let b = i + x. What is the units digit of b?
7
Suppose -2*z = -0*z - 24. Let u = 20 - z. What is the units digit of u?
8
Suppose 0 = -5*b + b + 676. Suppose -4*x = 5*q - 242, -4*q + 8*q = 5*x + b. What is the units digit of q?
6
Let t = 30 - -5. What is the tens digit of t?
3
Let m = 83 - 28. Suppose 0 = b - 6*b + m. What is the units digit of b?
1
Let p = -95 + 169. What is the units digit of p?
4
Let g be 0 + (7 - 1)/(-3). Let b be ((4 + g)*-3)/(-2). Suppose -32 + 8 = -b*q. What is the units digit of q?
8
Suppose -17*g + 528 = -5*g. What is the tens digit of g?
4
Let s(o) = -o**3 - 10*o**2 - 3*o - 12. What is the tens digit of s(-11)?
4
Let a(j) = 3*j**3 + 8*j**2 - 3*j - 1. What is the hundreds digit of a(3)?
1
Let n(k) = -10*k**3 - 34*k**2 + 30*k - 25. Let g(b) = -3*b**3 - 11*b**2 + 10*b - 8. Let c(u) = -7*g(u) + 2*n(u). What is the units digit of c(-10)?
6
What is the tens digit of (-2)/(-3 + (-176)/(-60))?
3
What is the units digit of 6175/20 - (-4)/16?
9
Let r be 30/(-9)*24/(-5). What is the tens digit of 188*(20/r + -1)?
4
What is the hundreds digit of -1 - -107 - (1 + 